{"id":430,"date":"2018-02-12T18:00:14","date_gmt":"2018-02-12T17:00:14","guid":{"rendered":"http:\/\/www.weingut-strobl.at\/?page_id=430"},"modified":"2025-01-28T16:37:15","modified_gmt":"2025-01-28T15:37:15","slug":"impressum","status":"publish","type":"page","link":"https:\/\/www.weingut-strobl.at\/?page_id=430","title":{"rendered":"Impressum \/ Datenschutzerkl\u00e4rung"},"content":{"rendered":"<h5><strong>F\u00dcR DEN INHALT DER SEITE VERANTWORTLICH<br \/>\n<\/strong><\/h5>\n<p>Weingut Strobl<br \/>\nHauptstra\u00dfe 47<br \/>\n2124 Kreuzstetten<br \/>\n\u00d6sterreich<br \/>\nmail@weingut-strobl.at<br \/>\n<a href=\"https:\/\/www.weingut-strobl.at\">https:\/\/www.weingut-strobl.at<\/a><\/p>\n<p>UID-Nr.: ATU66821022<\/p>\n<h5>DESIGN &amp; UMSETZUNG<\/h5>\n<p>Weingut Strobl<\/p>\n<h5>FOTOS<\/h5>\n<p>\u00a9 <a href=\"http:\/\/www.nicoleviktorik.com\">Nicole Viktorik<\/a><br \/>\nWiderrechtlicher Download wird umgehend gerichtlich verfolgt.<\/p>\n<h5>LINKS<\/h5>\n<p>Das Weingut Strobl \u00fcbernimmt keinerlei Haftung f\u00fcr die Inhalte von Webseiten, die mit dieser Homepage verlinkt sind.<\/p>\n<p><strong>DATENSCHUTZERKL\u00c4RUNG<\/strong><\/p>\n<p>Wir m\u00f6chten Sie nachstehend \u00fcber die Verarbeitung Ihrer personenbezogenen Daten im Zusammenhang mit dem Besuch unserer Website informieren.<\/p>\n<p><strong>Zweck der Datenverarbeitung und Rechtsgrundlage<\/strong><\/p>\n<p>Wenn Sie per Formular auf der Website oder per E-Mail Kontakt mit uns aufnehmen, werden Ihre Daten und Ihre Anfrage zwecks Bearbeitung der Anfrage und f\u00fcr den Fall von Anschlussfragen gespeichert. Diese Daten werden von uns nach 6 Monaten gel\u00f6scht, sollten sie nicht in einem Vertrag m\u00fcnden und die darauf folgende Datenverarbeitung er\u00f6ffnen.<\/p>\n<p><strong>\u00dcbermittlung Ihrer Daten<\/strong><\/p>\n<p>Ihre Daten werden von uns mit gr\u00f6\u00dfter Sorgfalt behandelt. Eine \u00dcbermittlung Ihrer Daten findet nur soweit statt, als dies zur Aufrechterhaltung der elektronischen Dienste (IT-Provider) notwendig ist.<\/p>\n<p><strong>Newsletter<\/strong><\/p>\n<p>Wenn Sie auf unserer Website die Einwilligung zum Erhalt von Direktwerbung gegeben haben, werden Ihre Daten f\u00fcr diese Zwecke verarbeitet. Sie haben jederzeit die M\u00f6glichkeit dieser Datenverarbeitung zu widersprechen. Durch den Widerruf der Einwilligung wird die Rechtm\u00e4\u00dfigkeit der aufgrund der Einwilligung bis zum Widerruf erfolgten Datenverarbeitung nicht ber\u00fchrt.<\/p>\n<p><strong>Ihre Rechte <\/strong><\/p>\n<p>Im Zusammenhang mit der Verarbeitung Ihrer Daten verf\u00fcgen Sie jederzeit \u00fcber die Rechte auf<\/p>\n<ul>\n<li>Auskunft<\/li>\n<li>Berichtigung<\/li>\n<li>L\u00f6schung (&#8222;Recht auf Vergessenwerden&#8220;)<\/li>\n<li>Einschr\u00e4nkung der Verarbeitung<\/li>\n<li>Daten\u00fcbertragbarkeit<\/li>\n<li>Widerspruch bzw<\/li>\n<li>Widerruf (bei Einwilligung) und<\/li>\n<li>Beschwerde bei der Datenschutzbeh\u00f6rde<\/li>\n<\/ul>\n<p><strong>Kontaktdaten<\/strong><\/p>\n<p>Bei Fragen oder Anliegen wenden Sie sich bitte an uns!<\/p>\n<p>Weingut Strobl<br \/>\nHauptstra\u00dfe 47<br \/>\n2124 Kreuzstetten<br \/>\n\u00d6sterreich<\/p>\n<p>mail@weingut-strobl.at<br \/>\n<a href=\"https:\/\/www.weingut-strobl.at\">https:\/\/www.weingut-strobl.at<\/a><\/p>\n","protected":false},"excerpt":{"rendered":"<p>F\u00dcR DEN INHALT DER SEITE VERANTWORTLICH Weingut Strobl Hauptstra\u00dfe 47 2124 Kreuzstetten \u00d6sterreich mail@weingut-strobl.at https:\/\/www.weingut-strobl.at UID-Nr.: ATU66821022 DESIGN &amp; UMSETZUNG Weingut Strobl FOTOS \u00a9 Nicole Viktorik Widerrechtlicher Download wird umgehend gerichtlich verfolgt. LINKS Das Weingut Strobl \u00fcbernimmt keinerlei Haftung f\u00fcr die Inhalte von Webseiten, die mit dieser Homepage verlinkt sind. DATENSCHUTZERKL\u00c4RUNG Wir m\u00f6chten Sie nachstehend &hellip; <a href=\"https:\/\/www.weingut-strobl.at\/?page_id=430\" class=\"more-link\"><span class=\"screen-reader-text\">Impressum \/ Datenschutzerkl\u00e4rung<\/span> weiterlesen<\/a><\/p>\n","protected":false},"author":1,"featured_media":0,"parent":0,"menu_order":0,"comment_status":"closed","ping_status":"closed","template":"","meta":{"footnotes":""},"class_list":["post-430","page","type-page","status-publish","hentry"],"_links":{"self":[{"href":"https:\/\/www.weingut-strobl.at\/index.php?rest_route=\/wp\/v2\/pages\/430","targetHints":{"allow":["GET"]}}],"collection":[{"href":"https:\/\/www.weingut-strobl.at\/index.php?rest_route=\/wp\/v2\/pages"}],"about":[{"href":"https:\/\/www.weingut-strobl.at\/index.php?rest_route=\/wp\/v2\/types\/page"}],"author":[{"embeddable":true,"href":"https:\/\/www.weingut-strobl.at\/index.php?rest_route=\/wp\/v2\/users\/1"}],"replies":[{"embeddable":true,"href":"https:\/\/www.weingut-strobl.at\/index.php?rest_route=%2Fwp%2Fv2%2Fcomments&post=430"}],"version-history":[{"count":17,"href":"https:\/\/www.weingut-strobl.at\/index.php?rest_route=\/wp\/v2\/pages\/430\/revisions"}],"predecessor-version":[{"id":696,"href":"https:\/\/www.weingut-strobl.at\/index.php?rest_route=\/wp\/v2\/pages\/430\/revisions\/696"}],"wp:attachment":[{"href":"https:\/\/www.weingut-strobl.at\/index.php?rest_route=%2Fwp%2Fv2%2Fmedia&parent=430"}],"curies":[{"name":"wp","href":"https:\/\/api.w.org\/{rel}","templated":true}]}}